{"id":3782,"date":"2024-07-03T19:14:38","date_gmt":"2024-07-03T19:14:38","guid":{"rendered":"https:\/\/viverocactus.com.mx\/?post_type=product&#038;p=3782"},"modified":"2026-04-09T19:14:46","modified_gmt":"2026-04-09T19:14:46","slug":"astrophytum-asterias-2","status":"publish","type":"product","link":"https:\/\/viverocactus.com.mx\/index.php\/product\/astrophytum-asterias-2\/","title":{"rendered":"Ariocarpus retusus   4&#8243;*"},"content":{"rendered":"<p>Im\u00e1genes de referencia<\/p>\n<p>Algunas im\u00e1genes mostradas en este sitio web corresponden a ejemplares en etapa adulta o en floraci\u00f3n y se utilizan \u00fanicamente como referencia para mostrar el potencial de crecimiento, forma y floraci\u00f3n de cada especie.<\/p>\n<p>Las plantas que se env\u00edan corresponden a ejemplares j\u00f3venes, en el tama\u00f1o y etapa de desarrollo especificados en la descripci\u00f3n del producto.<br \/>\nCada planta es un organismo vivo y puede presentar variaciones naturales en forma, tama\u00f1o y color.<\/p>\n","protected":false},"excerpt":{"rendered":"<p>Im\u00e1genes de referencia Algunas im\u00e1genes mostradas en este sitio web corresponden a ejemplares en etapa adulta o en floraci\u00f3n y se utilizan \u00fanicamente como referencia para mostrar el potencial de crecimiento, forma y floraci\u00f3n de cada especie. Las plantas que se env\u00edan corresponden a ejemplares j\u00f3venes, en el tama\u00f1o y etapa de desarrollo especificados en [&hellip;]<\/p>\n","protected":false},"featured_media":0,"comment_status":"closed","ping_status":"closed","template":"","meta":[],"product_brand":[],"product_cat":[27],"product_tag":[],"class_list":{"0":"post-3782","1":"product","2":"type-product","3":"status-publish","5":"product_cat-cactus","6":"product_shipping_class-fedex-5k","8":"first","9":"outofstock","10":"shipping-taxable","11":"purchasable","12":"product-type-simple","13":"add-to-wishlist-after_add_to_cart"},"_links":{"self":[{"href":"https:\/\/viverocactus.com.mx\/index.php\/wp-json\/wp\/v2\/product\/3782","targetHints":{"allow":["GET"]}}],"collection":[{"href":"https:\/\/viverocactus.com.mx\/index.php\/wp-json\/wp\/v2\/product"}],"about":[{"href":"https:\/\/viverocactus.com.mx\/index.php\/wp-json\/wp\/v2\/types\/product"}],"replies":[{"embeddable":true,"href":"https:\/\/viverocactus.com.mx\/index.php\/wp-json\/wp\/v2\/comments?post=3782"}],"wp:attachment":[{"href":"https:\/\/viverocactus.com.mx\/index.php\/wp-json\/wp\/v2\/media?parent=3782"}],"wp:term":[{"taxonomy":"product_brand","embeddable":true,"href":"https:\/\/viverocactus.com.mx\/index.php\/wp-json\/wp\/v2\/product_brand?post=3782"},{"taxonomy":"product_cat","embeddable":true,"href":"https:\/\/viverocactus.com.mx\/index.php\/wp-json\/wp\/v2\/product_cat?post=3782"},{"taxonomy":"product_tag","embeddable":true,"href":"https:\/\/viverocactus.com.mx\/index.php\/wp-json\/wp\/v2\/product_tag?post=3782"}],"curies":[{"name":"wp","href":"https:\/\/api.w.org\/{rel}","templated":true}]}}